 v + 29 = r, v = 3*k + 19. What is n(k)?
7
Suppose -o = -0*o - 5*k + 13, -4*o - 10 = k. Let q(s) = s + 2. Let x(m) = -1. Let p(z) = o*x(z) - q(z). Determine p(-5).
6
Let y(m) = m**3 + 11*m**2 + 24*m - 18. Let b(s) = -s**3 + 7*s**2 - 19*s + 13. Let o be b(3). Give y(o).
-18
Let t(h) = -h**3 + 6*h**2 + 4*h - 1. Let b be (2/(2/9))/(2/4). Suppose 23 = -b*p + 149. What is t(p)?
-22
Suppose 16 - 44 = -7*j. Let b(n) = -5*n**3 + 6*n**2 - 12*n - n**2 + 6*n**2 + 13 + j*n**3. Calculate b(10).
-7
Let v(k) = k**2 - 20*k + 55. Suppose 90*q - 85 = 85*q. Determine v(q).
4
Let f(o) = -2*o - 90 + 0*o + 91. Let y be f(-4). Let a(l) = l - 7. What is a(y)?
2
Let q be (-28)/21*(-90)/(-120). Let w(c) = -18*c**3 - c**2 + 1. Determine w(q).
18
Let i(r) = r**3 + 4*r**2 + 3*r + 17. Let w = 72 + -76. Let b be i(w). Let c(m) = -m + 7. Give c(b).
2
Let p(l) = -4*l - 1. Let y be (8/4 - -2) + 2*-1. Let i be 12 - y*(3 + -2). Let o be ((-1)/(20/(-12)))/((-2)/i). Calculate p(o).
11
Let v(u) = -35*u**2 + 23 + 6 + 40*u**2 - 4*u**2 - 14*u. Give v(8).
-19
Let y(f) = f**3 - 5*f**2 - f - 3. Let i(w) = 4*w**3 - 3*w**2 + 3*w - 5. Let j(g) = -i(g) + 2*y(g). Give j(-2).
-3
Let u(a) = a**2 + 9*a - 17. Let y be u(-11). Let n(r) be the first derivative of r**3/3 - 7*r**2/2 - 2*r + 233. Give n(y).
-12
Let p(c) = 2*c**3 + 5*c**2 + 4*c + 4. Let i = 3462 + -3466. What is p(i)?
-60
Let b(s) = 0*s - 8 + 0*s - 3*s + 2*s. Suppose -190 - 156 = h. Let w = 340 + h. What is b(w)?
-2
Let k(t) = -t**3 + 8*t**2 - 10*t + 5. Let f be k(7). Let h = 11 + f. Let g(d) be the first derivative of d**3/3 + 2*d**2 + 6*d - 1. Give g(h).
11
Let v be 1/(1 - 3)*-4. Let o(h) = -19*h**3 - h**2 + 2*h + 2. Let s be o(-1). Let a(w) = 12 + 18 + 5*w + s - 50. Give a(v).
8
Let l(c) be the third derivative of -c**6/720 - c**5/20 + 25*c**4/24 + c**2 - 16*c. Let q(r) be the second derivative of l(r). Calculate q(6).
-12
Let q(d) = -58*d**2 + 11*d - 12. Let h(b) = -10*b**2 + 2*b - 1. Let l(f) = -5*h(f) + q(f). What is l(-2)?
-41
Let s(z) = 4*z**3 - z**2 + z + 2. Let d(r) = -385*r - 1926. Let p be d(-5). Calculate s(p).
-4
Suppose 240*l = 230*l + 440. Let k = -53 + l. Let q(t) = -t**2 - 10*t - 16. Calculate q(k).
-7
Let p(r) be the third derivative of 23*r**5/60 - 11*r**4/12 - 11*r**3/6 + 23*r**2. Let s(f) = -12*f**2 + 10*f + 5. Let b(l) = -4*p(l) - 9*s(l). Give b(-1).
17
Let a(i) = 8*i + 44. Let o be ((-21)/15 - 2) + (-15)/25. Determine a(o).
12
Let o be 14/3 - 17/(-51). Let h(s) = -o - 17*s + 24*s - 8*s - s**2. What is h(0)?
-5
Let z be ((18/5)/(-3))/(2/5). Let t be z/((-4)/8*(-1)/1). Let x(q) = -q**2 - 5*q. What is x(t)?
-6
Let s(w) = 114*w + 330. Let b be s(-3). Let y(m) = -2*m**3 - 25*m**2 - 12*m - 15. What is y(b)?
-15
Let t(d) = -60*d**2 - d. Let j be t(1). Let x = j + 59. Let b(w) = -w - 1. Let s(g) = 4*g + 4. Let f(a) = 26*b(a) + 6*s(a). Give f(x).
2
Let k be 58/(-203) - 16/(-7). Let d(s) = 9*s**2 - 2*s**2 + 2*s**2 - 5*s**k + 0*s**3 - 4 + s + s**3. What is d(-4)?
-8
Let m = 86 - 84. Let q(k) = -2 + 6*k + 4*k + 0*k - 11*k - m*k**2 - 2*k**3. What is q(-2)?
8
Let f(y) = 50*y + 4. Suppose -2*j = -5*p + 1, -6*j - 35 + 13 = 4*p. Give f(p).
-46
Let a = -4060 - -4065. Let z(w) = -7*w - 12. What is z(a)?
-47
Let r = 24 - -4. Suppose -r*v = -41 + 237. Let a(m) = 3*m + 9. Determine a(v).
-12
Let d(t) = -t**3 + 5*t**2 + 7*t - 3. Suppose 0 = 2*i + 2*p - 10, -p = -i + 1 + 6. Let a be d(i). Let j(h) = h**2 - 4*h**2 - a*h + 4*h**2. Determine j(3).
0
Let v = -97 - -102. Let u(a) = a**2 + 2 - 3 - 4 - 1 + v*a. Calculate u(-5).
-6
Let x(v) = 5*v**3 - 4 + 30*v + 7*v**2 + v**3 - 5*v**3 + 3*v**3 - 32*v. Determine x(-2).
-4
Let h(w) be the third derivative of -w**4/12 - 3*w**3/2 - 36*w**2. Let p be 3*1 + 8/2. What is h(p)?
-23
Let v(w) be the second derivative of -w**4/12 - 31*w**3/6 + 67*w**2/2 - 75*w + 16. Calculate v(-33).
1
Let f = 18 - 23. Let r(v) = 5*v**3 - 4*v**2 - 4*v. Let x(b) = 4*b**3 - 3*b**2 - 2*b. Let y(t) = f*r(t) + 6*x(t). Determine y(4).
0
Let i(o) = -o**3 + 7*o**2 + 8*o - 7. Let x be ((-20)/4 - -3)*-180. Suppose 4 = r, -4*r + 191 = 5*t - x. Let h = -99 + t. Calculate i(h).
-7
Let m(h) be the third derivative of 0 + 0*h - 5/6*h**3 + 1/24*h**4 - 1/40*h**5 - 5*h**2. Let i(n) be the first derivative of m(n). What is i(-1)?
4
Let n(s) = 3*s - 112. Let t be n(38). Let k(a) = -a + t - 4 + 1390*a**2 - 1398*a**2. Give k(-2).
-32
Let w be 10*4/16*4. Suppose -11*l - 42 = -25*l. Suppose 5*h - 15 - w = 0, 8 = -l*j + h. Let b(n) = 3*n**2 - n - 1. What is b(j)?
3
Suppose 3*a + 0*a + 21 = 0. Let w(x) be the second derivative of x**5/20 + 7*x**4/12 + 4*x**2 - 8549*x. Determine w(a).
8
Let l = 153181/60 - 2553. Let f(b) be the third derivative of 0*b + 0 + b**2 - l*b**5 - 1/6*b**3 - 1/8*b**4. Determine f(-1).
1
Let w(g) be the first derivative of -3*g**2 - 70*g + 3855. Give w(-8).
-22
Let t(v) be the second derivative of 3*v**5/10 + v**4/3 + v**3/6 - v**2 + 9757*v. Give t(-1).
-5
Let n(d) be the second derivative of d**3 - 23*d**2/2 + 1107*d. What is n(5)?
7
Let l(i) = -9*i - 1. Suppose -2*y - 38 - 60 = 0. Let t be -1 - ((-12)/(-7) - 14/y). Calculate l(t).
26
Let x(m) = -2 - 2 + 1 - m**3 + 3*m. Suppose -8 = k - 2*t - 14, -4*t = k + 6. Give x(k).
-5
Let l(c) = -c**3 - 6*c - 466. Let d be l(0). Let o = -467 - d. Let u(z) = -4*z**2 + 3*z + 4. Give u(o).
-3
Let q(a) = -11*a - 47. Let j(w) = 2*w**3 + 8*w**2 - 80*w - 355. Let z be j(-5). What is q(z)?
8
Let t(k) = k. Let v(x) = 5*x - 10. Let b(l) = -2*t(l) + v(l). Let i(c) = -618*c - 53143. Let z be i(-86). Calculate b(z).
5
Let m(b) = 28196*b**2 + 12*b - 3*b**3 + 1 - 5*b + 2*b**3 - 28206*b**2. Calculate m(-11).
45
Let j(n) be the first derivative of -n**3/3 - n**2 + 11*n + 1312. Determine j(-6).
-13
Let s(p) be the third derivative of 5*p**4/24 + 13*p**3/6 - 3*p**2. Let v be s(-7). Let b be 8/(-44) - 180/v. Let d(m) = m**2 - 9*m + 11. Determine d(b).
3
Suppose -261*l + 2*t = -265*l - 44, -5*l - 4*t - 61 = 0. Let f(j) = 2*j + 13. Give f(l).
-5
Let r(z) = -5*z**3 + 0*z - 4 + z + 4*z**3 + 13*z**2. Let b be ((-2)/(-6))/(82/3444). Suppose -t + 4 = 0, b + 19 = n + 5*t. What is r(n)?
9
Let d(z) = 125*z**2 - 31 - z**3 + 42 + 120*z**2 - 238*z**2 - 10*z. Calculate d(6).
-13
Suppose 0 = 3*f + 3*i + 9, -6 + 9 = f - 2*i. Let x(p) = 3*p - 2. Let z be x(3). Let t(c) = -5*c - 1 + 3*c + z*c. Determine t(f).
-6
Let j(s) = 19*s**2 + 75*s + 75. Let i(t) = -5*t**2 - 19*t - 19. Let q(r) = 15*i(r) + 4*j(r). Determine q(-14).
1
Let v(q) be the third derivative of q**6/120 + q**5/5 - 7*q**4/12 - 16*q**3/3 - 938*q**2. Determine v(-13).
-19
Let r(w) = -2*w**2 + 34*w + 52. Let d(y) = -6*y**2 + 102*y + 151. Let t(x) = 2*d(x) - 7*r(x). What is t(18)?
-26
Suppose -102*i - 5*h - 6 = -99*i, -i = 2*h + 3. Let p(g) = g**2 + 2*g - 3. Let o(x) = 5*x**2 + 7*x - 10. Let z(j) = -2*o(j) + 9*p(j). Give z(i).
-4
Let g be (-23 + 38 - 7) + -9. Let a(h) = 4*h - 27. Determine a(g).
-31
Suppose -15 = 2*t - 5*t. Suppose t*j = 0, 5*s = s - 3*j + 24. Suppose 0 = -10*r + 8*r + s. Let b(w) = w**2 + w - 3. Give b(r).
9
Suppose -2*n = 2*n. Let b be (n - 0)/(-3 + 5). Let u(m) = -4*m**2 + 10*m - 22. Let c(j) = j**2 - 3*j + 7. Let w(x) = 7*c(x) + 2*u(x). Calculate w(b).
5
Let c(m) = 6 + 23897*m**2 - 8 - 2*m - 23898*m**2. Let z(l) = l**2 - 9*l - 10. Let a be z(10). Let b = -5 + a. Calculate c(b).
-17
Let p(z) = 0*z + 391 - 403 + 7*z**2 - 19639*z**3 + 19638*z**3 - z. Calculate p(8).
-84
Let r = -41 - -27. Let k(a) = 2*a**2 - 16*a + 21. Let z be k(3). Let o = z - r. Let h(c) = c**3 - 5*c**2 + 2*c - 6. Give h(o).
4
Let x(n) = 3*n**3 + 16*n**2 - 5*n - 3. Let a(g) = 13*g**3 + 71*g**2 - 21*g - 12. Let m(b) = 2*a(b) - 9*x(b). Calculate m(3).
-33
Let a(f) = -5 + 575*f - 536*f - 2 + 4. Give a(0).
-3
Let v = 711 + -229. Suppose 4*s - 2*w - v = 0, 2*w - 64 = -s + 54. Let p = -114 + s. Let g(q) = -q - 5. What is g(p)?
-11
Let w(n) = -n**3 - 2*n**2 - 5*n - 1. Let r(j) = 3*j**3 + 8*j**2 + 44*j + 18. Let x(c) = -r(c) - 5*w(c). Give x(-4).
-33
Suppose -31*z - 11 = 51. Let d(p) be the third derivative of 0*p + 0 + 1/24*p**4 + 1/3*p**3 + 17*p**2. Calculate d(z).
0
Let f(d) = 6*d - 11. Let i(x) = -x + 1. Let c(r) = f(r) + 5*i(r). Suppose -2339 = 430*o + 671. What is c(o)?
-13
Suppose -j = -2*z + 17, 0 = 4*z + j - 31 + 6. Suppose 0 = -3*g + z*g + 24. Let b(y) = -y**3 - 2 + 